3 + u. Let i = a - -233. Is i a prime number?
True
Let a(r) be the second derivative of r**4/12 + 5*r**3/6 + 7*r**2/2 - 6*r. Let b be a(-4). Is (b - -1) + 145/1 composite?
False
Suppose 11*l - 3 = -14. Is (-1231)/l + (-4 - 0) a composite number?
True
Suppose 0 = 34*u - 3898404 - 1095482. Is u prime?
False
Is (8324 - 3*6/(-36))*4 prime?
False
Suppose -762*d + 746*d + 191344 = 0. Is d composite?
False
Let u be 2/4 + 663/2. Let y = -154 + u. Is y a prime number?
False
Suppose -v = -q + 158, 4*q = -5*v + 432 + 182. Let i be (2/3)/(1/q). Let j = 261 - i. Is j composite?
False
Let f(d) = -301*d + 1. Let w(p) = -151*p. Let k(x) = 4*f(x) - 9*w(x). Is k(3) composite?
True
Let y = 18724 - 6153. Is y a composite number?
True
Let v(i) = 7*i**3 + 2*i**2 - 7*i - 8. Let n be ((-24)/30)/((-3)/(-15)). Let l be v(n). Let z = l + 703. Is z composite?
False
Suppose -247491 = -5*r + 4*a, -3*r = -r - 5*a - 99010. Is 4/22 - r/(-209) a composite number?
True
Suppose -13 = -5*r - 38. Let x(j) = -j**3 - j**2 - 5*j - 2. Let t be x(r). Suppose -4*h + 599 = t. Is h composite?
True
Let a = 1164 - 669. Let i = a - 224. Is i composite?
False
Suppose -26 - 4 = -10*l. Suppose -l*o + 344 = -0*p - p, 343 = 3*o - 2*p. Is o a prime number?
False
Let u(m) = -6*m**3 + 0*m**3 - 1 + 4*m**3 - 44*m**2 + 45*m**2 + m**3. Suppose -i - 2 = 1. Is u(i) a prime number?
False
Let u be -4 - (-14)/2 - 8. Is (-2738)/u + (-12)/20 composite?
False
Is (-31 - 5)/6 - -403 composite?
False
Let z(j) = -44*j**2 + 3*j - 1. Let t(s) = -22*s**2 + 2*s - 1. Let d(c) = 7*t(c) - 4*z(c). Suppose -3*g - 17 = -4*b, -b - 4 = 3*b + 4*g. Is d(b) a prime number?
True
Let q(o) = 41*o - 6. Let p(i) = -i - 1. Let t = 15 - 10. Let y(g) = t*p(g) - q(g). Is y(-3) composite?
False
Is 3561/(6*(-2)/(-12)) prime?
False
Let z = -22 + 21. Is ((-13)/13)/(z/82) prime?
False
Suppose -12*g - 4 = -13*g. Let y(p) = 102*p + 1. Is y(g) a composite number?
False
Let l = 26708 - 4377. Is l prime?
False
Let b(q) = 2*q + 28. Let j be b(-14). Suppose k - 646 - 1151 = j. Is k composite?
True
Let a = 101211 + -47048. Is a composite?
False
Suppose 1094 = -n - 3*h - 532, 3*n - h + 4928 = 0. Let y = -962 - n. Is y prime?
False
Suppose 2*a = -2*a + 6*a. Suppose -3*z + 356 + 1087 = a. Is z a prime number?
False
Suppose 0 = -14*k + 63996 - 19910. Is k a composite number?
True
Let c(h) = 36*h**3 + 8*h**2 + h - 7. Is c(4) prime?
False
Let b = -89891 - -136810. Is b a prime number?
True
Let b be ((-272)/(2 - 3))/1. Suppose 4655 = 4*f + 3*f. Let z = f + b. Is z a composite number?
False
Let g(o) = 26*o - 89. Is g(15) a prime number?
False
Let p(d) be the second derivative of d**4/12 - d**3/6 + 487*d**2/2 + 10*d. Is p(0) a composite number?
False
Suppose -94*n - 378008 = -102*n. Is n prime?
True
Let j(p) be the second derivative of -5*p**3/6 - 55*p**2/2 - 3*p. Is j(-22) a prime number?
False
Let o = -32961 - -67984. Is o a composite number?
False
Let v(z) = z**3 - 3*z**3 - 6 + 29 - 15*z - 10*z**2 - 5*z**2. Is v(-12) prime?
True
Let v = 19929 + -6827. Is v prime?
False
Suppose 4*f - 14 = 2. Suppose -f = x + 1. Let m(i) = -29*i + 4. Is m(x) prime?
True
Let o(g) = 1056*g**2 + 35. Is o(6) a composite number?
True
Suppose -37*u = 21961 - 198932. Is u composite?
False
Let c = -610 + 1044. Suppose 33 = u + 4*z - 876, -2*u + 4*z + 1830 = 0. Let w = u - c. Is w composite?
False
Let t(a) = -3*a**2 - 16*a - 16. Let j be t(-25). Let w = 2678 + j. Is w a composite number?
False
Let t(j) be the first derivative of 11*j**3 + j**2 + 3*j + 28. Suppose 2*c + 3*c + 21 = 2*y, -5*y + 3*c = -5. Is t(y) prime?
True
Let t(r) = r**2 + 4*r - 5. Let h be t(-8). Suppose 22*x = h*x - 165. Is x a composite number?
True
Let t(y) = y - 9. Let z be t(13). Suppose 2*f - 1767 = -3*l, -6*f + z*f = l - 593. Is l a composite number?
False
Let p = 97 + 88. Is p composite?
True
Let d be (34168/6)/(((-130)/(-75))/13). Suppose 0 = 12*t - 2*t - d. Is t composite?
False
Let q be 2 + 2 - (-2 - -1). Suppose 4*o - 8425 = -5*h, -h - 2*o = -q*o - 1685. Is h a prime number?
False
Is (-5)/(819108/(-204772) - -4) a composite number?
False
Let q(g) = 4366*g**3 + 2*g**2 + g - 2. Is q(1) prime?
False
Suppose 0 = 4*i + o - 16407, 3*o - 8191 = 13*i - 15*i. Is i a composite number?
True
Let f be -1*(1/(-1) - 0)/1. Is (-12688)/(-12) - f/3 composite?
True
Suppose 30*g = -2*g + 1319008. Is g prime?
False
Let f = 2110 + -8728. Is (-2)/(-7) + f/(-14) a composite number?
True
Suppose -3*b = -d + 119374 - 392720, -3*d - 3 = 0. Is b a composite number?
True
Let w be (-4 - -3)*(-3 + 5). Is w/3*1*-201 a composite number?
True
Suppose -5*t - 3*l + l + 21 = 0, 4 = 2*t + 3*l. Suppose -o = -t*o + 1432. Is o composite?
True
Let w be ((-36)/5)/((-2)/(-295)). Let h = -439 - w. Is h composite?
True
Let u = 18 + -27. Let i be ((-1803)/9)/(3/u). Suppose -i = -3*d + 152. Is d a prime number?
True
Let f = 12 - 15. Let q(t) = -18*t**3 + t**2 + 4*t - 2. Is q(f) prime?
False
Let h(j) = -3*j**3 + 5*j**2 - 6*j + 8. Let v be h(4). Let a = 321 - v. Is a prime?
True
Suppose -6*y = -18*y + 5100. Let z = 1 - -2. Suppose 2*f + z*f = y. Is f a composite number?
True
Is (-2 + 825)*2 + (-60)/20 prime?
False
Let g(a) = -152*a**3 + 14*a + 5. Is g(-4) a composite number?
False
Let c be ((-12504)/12)/((-1 - 1) + 0). Let m = c + -336. Is m a composite number?
True
Suppose -g + 2230 - 695 = 0. Is g a composite number?
True
Let c be (9 - (1 - 3)) + -3 + 0. Let y(h) = 5*h**2 + 8*h + 10. Is y(c) a prime number?
False
Let f(c) = c**2 - 3*c - 48. Let d be f(-13). Suppose -6*p - d = -1378. Is p prime?
False
Suppose 63*d + 200464 = 68*d + 3*g, 4*g = 12. Is d prime?
False
Suppose -5*t = -6*t + 3. Is 251/t*(-27)/(-9) composite?
False
Let l = -7 + 4. Let d(k) = 2*k**2 + 3*k - 4. Let y be d(l). Is y + 7 + -1 + -1 prime?
False
Let f = 27216 - 4447. Is f composite?
False
Suppose 2 + 28 = -5*p. Let c(d) = 15*d + 1. Let s be c(p). Is (-8)/2 - (s + 2) composite?
False
Suppose -8*x + 10522 = -6*x. Is x prime?
True
Let g(x) = 48*x**2 + x - 2. Let s be g(-5). Is s/3*(-3)/(-4)*4 a prime number?
True
Is (69948 - -13) + (-1 - 7) a composite number?
True
Let u = 4 - -50. Let k = -20 + u. Suppose -l + k = -0*l. Is l composite?
True
Suppose -2*x = 5*z - 16, 4*x = -2*z + z + 32. Suppose 0 = -x*d + 4*d + 64. Suppose h = 30 + d. Is h a composite number?
True
Suppose -2*w = 3*w, 2*d + w = -12. Suppose -2*x - 6 = -0*x. Is (-5)/((d/(-4))/x) a composite number?
True
Let w be 69/15 + (-6)/10. Suppose 4*v = 2*q + 3696, -6 - 2 = w*q. Is v composite?
True
Suppose -3*a - 4*u - 7 = 22, -a = -3*u - 12. Let j(k) = 136*k**2 + 5*k + 4. Is j(a) a prime number?
True
Is (-164)/205 - 41069/(-5) a prime number?
False
Let y = 20394 - 3665. Is y prime?
True
Let r(z) = -z**3 - 10*z**2 - 16*z + 1. Let g = 82 - 98. Is r(g) prime?
False
Suppose 2*b = 4 + 6, 0 = 3*q - 4*b - 8938. Suppose -5*h - o = 2*o - q, -1200 = -2*h - 4*o. Suppose 0 = 3*c + c + g - h, 149 = c + 5*g. Is c composite?
False
Let a = 3 + 0. Suppose 5*f = -4*d + 3116, 0 = f - a*f + 8. Is 8/(-28) - d/(-14) a prime number?
False
Let v(y) = -1692*y + 257. Is v(-11) a prime number?
True
Suppose 0 = -5*l + 4*b + 16023, 5*l = -2*b + 5*b + 16021. Is l prime?
True
Let g be 2/9 - (-430)/90. Suppose 228 = 3*c + 3*l - 21, -l + 415 = g*c. Is c prime?
True
Suppose p + p + 4 = 0. Suppose -6*m = -10*m + 7*m. Is p + (575 + m - 0) prime?
False
Let q(m) = 23 + 6*m + 14*m**2 + 26 - 48. Is q(5) a composite number?
True
Suppose -4*k - k = 0. Suppose -q = k, 0*t = -3*t - q + 2859. Is t composite?
False
Let w(l) = l**2 - 9*l - 7. Let z be w(8). Let m = z - -1. Is (-609)/m*(-28)/(-6) prime?
False
Suppose 3*u - 14986 = -2*k, 24*u = 26*u. Is k prime?
False
Let w(p) = -21*p**3 - p**2 + p + 1. Let f be w(-1). Let y = -17 + f. Suppose y*t - 2935 = -2*t. Is t a prime number?
True
Let t(w) = -6*w**3 - 14*w**2 + 7*w - 2. Let d(c) = 5*c**3 + 15*c**2 - 8*c + 1. Let u(m) = -5*d(m) - 4*t(m). Is u(-20) a composite number?
False
Let r(d) = -279*d**3 - 5*d**2 - 5*d + 32. Is r(-5) prime?
True
Let d(q) = 2*q**2 + 28*q. Let v be d(-14). Suppose -171 = -2*k + k - 5*f, -3*k + 5*f + 593 = v. Is k a prime number?
True
Let m(x) be the third derivative of -x**6/120 - 11*x**5/60 + 5*x**4/24 + 8*x**3/3 - 6*x**2. Is m(-13) a prime number?
False
Suppose -5*o + 4*h - h = 1, 0 = -3*o - 4*h 